{"id":1014,"date":"2024-11-28T12:52:02","date_gmt":"2024-11-28T12:52:02","guid":{"rendered":"https:\/\/finex-preis.de\/?page_id=1014"},"modified":"2024-11-28T13:05:58","modified_gmt":"2024-11-28T13:05:58","slug":"finex-2024","status":"publish","type":"page","link":"https:\/\/finex-preis.de\/?page_id=1014","title":{"rendered":"2024"},"content":{"rendered":"\t\t<div data-elementor-type=\"wp-page\" data-elementor-id=\"1014\" class=\"elementor elementor-1014\">\n\t\t\t\t\t\t<section class=\"elementor-section elementor-top-section elementor-element elementor-element-06cdc94 elementor-section-boxed elementor-section-height-default elementor-section-height-default\" data-id=\"06cdc94\" data-element_type=\"section\" data-e-type=\"section\">\n\t\t\t\t\t\t<div class=\"elementor-container elementor-column-gap-default\">\n\t\t\t\t\t<div class=\"elementor-column elementor-col-100 elementor-top-column elementor-element elementor-element-99af952\" data-id=\"99af952\" data-element_type=\"column\" data-e-type=\"column\">\n\t\t\t<div class=\"elementor-widget-wrap elementor-element-populated\">\n\t\t\t\t\t\t<div class=\"elementor-element elementor-element-3bc0714 elementor-widget elementor-widget-heading\" data-id=\"3bc0714\" data-element_type=\"widget\" data-e-type=\"widget\" data-widget_type=\"heading.default\">\n\t\t\t\t<div class=\"elementor-widget-container\">\n\t\t\t\t\t<h1 class=\"elementor-heading-title elementor-size-default\">FinEx 2024<br><\/h1>\t\t\t\t<\/div>\n\t\t\t\t<\/div>\n\t\t\t\t\t<\/div>\n\t\t<\/div>\n\t\t\t\t\t<\/div>\n\t\t<\/section>\n\t\t\t\t<section class=\"elementor-section elementor-top-section elementor-element elementor-element-ebc523f elementor-section-boxed elementor-section-height-default elementor-section-height-default\" data-id=\"ebc523f\" data-element_type=\"section\" data-e-type=\"section\">\n\t\t\t\t\t\t<div class=\"elementor-container elementor-column-gap-default\">\n\t\t\t\t\t<div class=\"elementor-column elementor-col-100 elementor-top-column elementor-element elementor-element-a1b8718\" data-id=\"a1b8718\" data-element_type=\"column\" data-e-type=\"column\">\n\t\t\t<div class=\"elementor-widget-wrap elementor-element-populated\">\n\t\t\t\t\t\t<div class=\"elementor-element elementor-element-bf0e968 elementor-widget elementor-widget-image\" data-id=\"bf0e968\" data-element_type=\"widget\" data-e-type=\"widget\" data-widget_type=\"image.default\">\n\t\t\t\t<div class=\"elementor-widget-container\">\n\t\t\t\t\t\t\t\t\t\t\t\t\t\t\t<img decoding=\"async\" src=\"http:\/\/finex-preis.de\/wp-content\/uploads\/2024\/11\/Finex_Pokal_2024.mp4\" title=\"\" alt=\"\" loading=\"lazy\" \/>\t\t\t\t\t\t\t\t\t\t\t\t\t\t\t<\/div>\n\t\t\t\t<\/div>\n\t\t\t\t<div class=\"elementor-element elementor-element-ed0b63e elementor-widget elementor-widget-text-editor\" data-id=\"ed0b63e\" data-element_type=\"widget\" data-e-type=\"widget\" data-widget_type=\"text-editor.default\">\n\t\t\t\t<div class=\"elementor-widget-container\">\n\t\t\t\t\t\t\t\t\t<p>\u00a0<\/p><p>Am 14. November 2024 fand die feierliche Verleihung des FinEx Azubipreises im MDR Landesfunkhaus Dresden statt \u2013 unter der Schirmherrschaft des Direktors des Landesfunkhauses, Sandro Viroli. In festlicher Atmosph\u00e4re wurden die beeindruckenden Leistungen von Absolventen der Ausbildung zum Mediengestalter Bild und Ton gew\u00fcrdigt.\u00a0<\/p><p>Nominiert waren in diesem Jahr:\u00a0<\/p><p>\u2013 Jonas Kellhammer f\u00fcr <em>NIE GENUG: Fabian Wegerer \u00fcber den Druck des Erfolgs<\/em><br \/>\u2013 Max Christian R\u00fcster f\u00fcr <em>Schattenseite<\/em><br \/>\u2013 Tom Ranft f\u00fcr <em>Mit halber Kraft<\/em><\/p><p>Der Gewinner des Abends war Tom Ranft mit seinem Film <em>Mit halber Kraft<\/em>. Die Jury zeigte sich begeistert von der technischen Brillanz, der kreativen Umsetzung und der einf\u00fchlsamen Darstellung des Themas Depressionen. Eine lobende Erw\u00e4hnung ging an Finn Ole Gleitze f\u00fcr seinen Film <em>Danke Emma<\/em>, der ebenfalls durch seine starke Erz\u00e4hlweise und gelungene Technik \u00fcberzeugte.<\/p><p>Die musikalische Begleitung des Abends \u00fcbernahm erneut das Duo BHD.\u00a0<span style=\"font-family: var( --e-global-typography-text-font-family ), Sans-serif; font-size: 1rem;\">Moderiert wurde die Verleihung von MDR-Volont\u00e4r Lukas St\u00f6ckel.<\/span><\/p><p>Besonderer Dank gilt dem Team der Fernseh Akademie Mitteldeutschland, das die Produktion der Preisverleihung sowie deren Live-\u00dcbertragung auf YouTube mit viel Engagement und Professionalit\u00e4t m\u00f6glich gemacht hat.<em> \u00a0<\/em>Der Live-Stream ist auf dem <a href=\"https:\/\/www.youtube.com\/watch?v=gWfweJF2CrI\" target=\"_blank\" rel=\"noopener\">YouTube Kanal der FAM<\/a> zu sehen.<\/p>\t\t\t\t\t\t\t\t<\/div>\n\t\t\t\t<\/div>\n\t\t\t\t<section class=\"elementor-section elementor-inner-section elementor-element elementor-element-2196254 elementor-section-boxed elementor-section-height-default elementor-section-height-default\" data-id=\"2196254\" data-element_type=\"section\" data-e-type=\"section\">\n\t\t\t\t\t\t<div class=\"elementor-container elementor-column-gap-default\">\n\t\t\t\t\t<div class=\"elementor-column elementor-col-50 elementor-inner-column elementor-element elementor-element-5d01bfc\" data-id=\"5d01bfc\" data-element_type=\"column\" data-e-type=\"column\">\n\t\t\t<div class=\"elementor-widget-wrap elementor-element-populated\">\n\t\t\t\t\t\t<div class=\"elementor-element elementor-element-8a3806c elementor-widget__width-initial elementor-widget elementor-widget-image\" data-id=\"8a3806c\" data-element_type=\"widget\" data-e-type=\"widget\" data-widget_type=\"image.default\">\n\t\t\t\t<div class=\"elementor-widget-container\">\n\t\t\t\t\t\t\t\t\t\t\t\t<figure class=\"wp-caption\">\n\t\t\t\t\t\t\t\t\t\t<img fetchpriority=\"high\" decoding=\"async\" width=\"740\" height=\"896\" src=\"https:\/\/finex-preis.de\/wp-content\/uploads\/2024\/11\/IMG_0614-846x1024.jpg\" class=\"attachment-large size-large wp-image-1010\" alt=\"\" srcset=\"https:\/\/finex-preis.de\/wp-content\/uploads\/2024\/11\/IMG_0614-846x1024.jpg 846w, https:\/\/finex-preis.de\/wp-content\/uploads\/2024\/11\/IMG_0614-248x300.jpg 248w, https:\/\/finex-preis.de\/wp-content\/uploads\/2024\/11\/IMG_0614-768x930.jpg 768w, https:\/\/finex-preis.de\/wp-content\/uploads\/2024\/11\/IMG_0614-1268x1536.jpg 1268w, https:\/\/finex-preis.de\/wp-content\/uploads\/2024\/11\/IMG_0614-1691x2048.jpg 1691w\" sizes=\"100vw\" \/>\t\t\t\t\t\t\t\t\t\t\t<figcaption class=\"widget-image-caption wp-caption-text\">Der Preistr\u00e4ger Tom Ranft<\/figcaption>\n\t\t\t\t\t\t\t\t\t\t<\/figure>\n\t\t\t\t\t\t\t\t\t<\/div>\n\t\t\t\t<\/div>\n\t\t\t\t\t<\/div>\n\t\t<\/div>\n\t\t\t\t<div class=\"elementor-column elementor-col-50 elementor-inner-column elementor-element elementor-element-a17f090\" data-id=\"a17f090\" data-element_type=\"column\" data-e-type=\"column\">\n\t\t\t<div class=\"elementor-widget-wrap elementor-element-populated\">\n\t\t\t\t\t\t<div class=\"elementor-element elementor-element-cdd6315 elementor-widget__width-initial elementor-widget elementor-widget-image\" data-id=\"cdd6315\" data-element_type=\"widget\" data-e-type=\"widget\" data-widget_type=\"image.default\">\n\t\t\t\t<div class=\"elementor-widget-container\">\n\t\t\t\t\t\t\t\t\t\t\t\t<figure class=\"wp-caption\">\n\t\t\t\t\t\t\t\t\t\t<img decoding=\"async\" width=\"740\" height=\"942\" src=\"https:\/\/finex-preis.de\/wp-content\/uploads\/2024\/11\/63415BD0-8F95-4AD9-A542-A75EC11A09A7-2-804x1024.jpg\" class=\"attachment-large size-large wp-image-1022\" alt=\"\" srcset=\"https:\/\/finex-preis.de\/wp-content\/uploads\/2024\/11\/63415BD0-8F95-4AD9-A542-A75EC11A09A7-2-804x1024.jpg 804w, https:\/\/finex-preis.de\/wp-content\/uploads\/2024\/11\/63415BD0-8F95-4AD9-A542-A75EC11A09A7-2-236x300.jpg 236w, https:\/\/finex-preis.de\/wp-content\/uploads\/2024\/11\/63415BD0-8F95-4AD9-A542-A75EC11A09A7-2-768x978.jpg 768w, https:\/\/finex-preis.de\/wp-content\/uploads\/2024\/11\/63415BD0-8F95-4AD9-A542-A75EC11A09A7-2-1207x1536.jpg 1207w, https:\/\/finex-preis.de\/wp-content\/uploads\/2024\/11\/63415BD0-8F95-4AD9-A542-A75EC11A09A7-2-1609x2048.jpg 1609w, https:\/\/finex-preis.de\/wp-content\/uploads\/2024\/11\/63415BD0-8F95-4AD9-A542-A75EC11A09A7-2-scaled.jpg 2011w\" sizes=\"100vw\" \/>\t\t\t\t\t\t\t\t\t\t\t<figcaption class=\"widget-image-caption wp-caption-text\">Das Duo BHD sorgte f\u00fcr musikalische Untermalung<\/figcaption>\n\t\t\t\t\t\t\t\t\t\t<\/figure>\n\t\t\t\t\t\t\t\t\t<\/div>\n\t\t\t\t<\/div>\n\t\t\t\t\t<\/div>\n\t\t<\/div>\n\t\t\t\t\t<\/div>\n\t\t<\/section>\n\t\t\t\t\t<\/div>\n\t\t<\/div>\n\t\t\t\t\t<\/div>\n\t\t<\/section>\n\t\t\t\t<section class=\"elementor-section elementor-top-section elementor-element elementor-element-967b55c elementor-section-boxed elementor-section-height-default elementor-section-height-default\" data-id=\"967b55c\" data-element_type=\"section\" data-e-type=\"section\">\n\t\t\t\t\t\t<div class=\"elementor-container elementor-column-gap-default\">\n\t\t\t\t\t<div class=\"elementor-column elementor-col-100 elementor-top-column elementor-element elementor-element-c46c2b9\" data-id=\"c46c2b9\" data-element_type=\"column\" data-e-type=\"column\">\n\t\t\t<div class=\"elementor-widget-wrap elementor-element-populated\">\n\t\t\t\t\t\t<section class=\"elementor-section elementor-inner-section elementor-element elementor-element-4f6214a elementor-section-boxed elementor-section-height-default elementor-section-height-default\" data-id=\"4f6214a\" data-element_type=\"section\" data-e-type=\"section\">\n\t\t\t\t\t\t<div class=\"elementor-container elementor-column-gap-default\">\n\t\t\t\t\t<div class=\"elementor-column elementor-col-50 elementor-inner-column elementor-element elementor-element-5a8a951\" data-id=\"5a8a951\" data-element_type=\"column\" data-e-type=\"column\">\n\t\t\t<div class=\"elementor-widget-wrap elementor-element-populated\">\n\t\t\t\t\t\t<div class=\"elementor-element elementor-element-e7fb1a3 elementor-widget elementor-widget-image\" data-id=\"e7fb1a3\" data-element_type=\"widget\" data-e-type=\"widget\" data-widget_type=\"image.default\">\n\t\t\t\t<div class=\"elementor-widget-container\">\n\t\t\t\t\t\t\t\t\t\t\t\t<figure class=\"wp-caption\">\n\t\t\t\t\t\t\t\t\t\t<img decoding=\"async\" width=\"740\" height=\"987\" src=\"https:\/\/finex-preis.de\/wp-content\/uploads\/2024\/11\/IMG_0586-768x1024.jpeg\" class=\"attachment-large size-large wp-image-1026\" alt=\"\" srcset=\"https:\/\/finex-preis.de\/wp-content\/uploads\/2024\/11\/IMG_0586-768x1024.jpeg 768w, https:\/\/finex-preis.de\/wp-content\/uploads\/2024\/11\/IMG_0586-225x300.jpeg 225w, https:\/\/finex-preis.de\/wp-content\/uploads\/2024\/11\/IMG_0586-1152x1536.jpeg 1152w, https:\/\/finex-preis.de\/wp-content\/uploads\/2024\/11\/IMG_0586-1536x2048.jpeg 1536w, https:\/\/finex-preis.de\/wp-content\/uploads\/2024\/11\/IMG_0586-scaled.jpeg 1920w\" sizes=\"100vw\" \/>\t\t\t\t\t\t\t\t\t\t\t<figcaption class=\"widget-image-caption wp-caption-text\">Tilo Fiebig mit Heinz Eggert und Achim Haas<\/figcaption>\n\t\t\t\t\t\t\t\t\t\t<\/figure>\n\t\t\t\t\t\t\t\t\t<\/div>\n\t\t\t\t<\/div>\n\t\t\t\t\t<\/div>\n\t\t<\/div>\n\t\t\t\t<div class=\"elementor-column elementor-col-50 elementor-inner-column elementor-element elementor-element-6f40f39\" data-id=\"6f40f39\" data-element_type=\"column\" data-e-type=\"column\">\n\t\t\t<div class=\"elementor-widget-wrap elementor-element-populated\">\n\t\t\t\t\t\t<div class=\"elementor-element elementor-element-f545095 elementor-widget elementor-widget-image\" data-id=\"f545095\" data-element_type=\"widget\" data-e-type=\"widget\" data-widget_type=\"image.default\">\n\t\t\t\t<div class=\"elementor-widget-container\">\n\t\t\t\t\t\t\t\t\t\t\t\t<figure class=\"wp-caption\">\n\t\t\t\t\t\t\t\t\t\t<img loading=\"lazy\" decoding=\"async\" width=\"740\" height=\"987\" src=\"https:\/\/finex-preis.de\/wp-content\/uploads\/2024\/11\/IMG_0496-768x1024.jpeg\" class=\"attachment-large size-large wp-image-1025\" alt=\"\" srcset=\"https:\/\/finex-preis.de\/wp-content\/uploads\/2024\/11\/IMG_0496-768x1024.jpeg 768w, https:\/\/finex-preis.de\/wp-content\/uploads\/2024\/11\/IMG_0496-225x300.jpeg 225w, https:\/\/finex-preis.de\/wp-content\/uploads\/2024\/11\/IMG_0496-1152x1536.jpeg 1152w, https:\/\/finex-preis.de\/wp-content\/uploads\/2024\/11\/IMG_0496-1536x2048.jpeg 1536w, https:\/\/finex-preis.de\/wp-content\/uploads\/2024\/11\/IMG_0496-scaled.jpeg 1920w\" sizes=\"100vw\" \/>\t\t\t\t\t\t\t\t\t\t\t<figcaption class=\"widget-image-caption wp-caption-text\">Tom Ranft im Gespr\u00e4ch mit Lukas St\u00f6ckel und Daniela Adomat<\/figcaption>\n\t\t\t\t\t\t\t\t\t\t<\/figure>\n\t\t\t\t\t\t\t\t\t<\/div>\n\t\t\t\t<\/div>\n\t\t\t\t\t<\/div>\n\t\t<\/div>\n\t\t\t\t\t<\/div>\n\t\t<\/section>\n\t\t\t\t\t<\/div>\n\t\t<\/div>\n\t\t\t\t\t<\/div>\n\t\t<\/section>\n\t\t\t\t<section class=\"elementor-section elementor-top-section elementor-element elementor-element-9efaa26 elementor-section-boxed elementor-section-height-default elementor-section-height-default\" data-id=\"9efaa26\" data-element_type=\"section\" data-e-type=\"section\">\n\t\t\t\t\t\t<div class=\"elementor-container elementor-column-gap-default\">\n\t\t\t\t\t<div class=\"elementor-column elementor-col-100 elementor-top-column elementor-element elementor-element-7f44368\" data-id=\"7f44368\" data-element_type=\"column\" data-e-type=\"column\">\n\t\t\t<div class=\"elementor-widget-wrap elementor-element-populated\">\n\t\t\t\t\t\t<div class=\"elementor-element elementor-element-837090d elementor-widget elementor-widget-image\" data-id=\"837090d\" data-element_type=\"widget\" data-e-type=\"widget\" data-widget_type=\"image.default\">\n\t\t\t\t<div class=\"elementor-widget-container\">\n\t\t\t\t\t\t\t\t\t\t\t\t<figure class=\"wp-caption\">\n\t\t\t\t\t\t\t\t\t\t<img loading=\"lazy\" decoding=\"async\" width=\"740\" height=\"416\" src=\"https:\/\/finex-preis.de\/wp-content\/uploads\/2024\/11\/IMG_0501-1-1024x576.jpeg\" class=\"attachment-large size-large wp-image-1027\" alt=\"\" srcset=\"https:\/\/finex-preis.de\/wp-content\/uploads\/2024\/11\/IMG_0501-1-1024x576.jpeg 1024w, https:\/\/finex-preis.de\/wp-content\/uploads\/2024\/11\/IMG_0501-1-300x169.jpeg 300w, https:\/\/finex-preis.de\/wp-content\/uploads\/2024\/11\/IMG_0501-1-768x432.jpeg 768w, https:\/\/finex-preis.de\/wp-content\/uploads\/2024\/11\/IMG_0501-1-1536x864.jpeg 1536w, https:\/\/finex-preis.de\/wp-content\/uploads\/2024\/11\/IMG_0501-1-2048x1152.jpeg 2048w\" sizes=\"100vw\" \/>\t\t\t\t\t\t\t\t\t\t\t<figcaption class=\"widget-image-caption wp-caption-text\">Von links: Tilo Fiebig, Stefan Mathews, Sandro Viroli, Daniela Adomat, Tom Ranft, Achim Haas, Finn Ole Gleitze, Jonas Kellhammer, Max Christian R\u00fcster, Dr. Ilektra Bogner<\/figcaption>\n\t\t\t\t\t\t\t\t\t\t<\/figure>\n\t\t\t\t\t\t\t\t\t<\/div>\n\t\t\t\t<\/div>\n\t\t\t\t<div class=\"elementor-element elementor-element-2f51646 elementor-widget elementor-widget-image\" data-id=\"2f51646\" data-element_type=\"widget\" data-e-type=\"widget\" data-widget_type=\"image.default\">\n\t\t\t\t<div class=\"elementor-widget-container\">\n\t\t\t\t\t\t\t\t\t\t\t\t<figure class=\"wp-caption\">\n\t\t\t\t\t\t\t\t\t\t<img loading=\"lazy\" decoding=\"async\" width=\"740\" height=\"416\" src=\"https:\/\/finex-preis.de\/wp-content\/uploads\/2024\/11\/IMG_0583-1024x576.jpeg\" class=\"attachment-large size-large wp-image-1024\" alt=\"\" srcset=\"https:\/\/finex-preis.de\/wp-content\/uploads\/2024\/11\/IMG_0583-1024x576.jpeg 1024w, https:\/\/finex-preis.de\/wp-content\/uploads\/2024\/11\/IMG_0583-300x169.jpeg 300w, https:\/\/finex-preis.de\/wp-content\/uploads\/2024\/11\/IMG_0583-768x432.jpeg 768w, https:\/\/finex-preis.de\/wp-content\/uploads\/2024\/11\/IMG_0583-1536x864.jpeg 1536w, https:\/\/finex-preis.de\/wp-content\/uploads\/2024\/11\/IMG_0583-2048x1152.jpeg 2048w\" sizes=\"100vw\" \/>\t\t\t\t\t\t\t\t\t\t\t<figcaption class=\"widget-image-caption wp-caption-text\">Das Team der Fernseh Akademie Mitteldeutschland<\/figcaption>\n\t\t\t\t\t\t\t\t\t\t<\/figure>\n\t\t\t\t\t\t\t\t\t<\/div>\n\t\t\t\t<\/div>\n\t\t\t\t\t<\/div>\n\t\t<\/div>\n\t\t\t\t\t<\/div>\n\t\t<\/section>\n\t\t\t\t<\/div>\n\t\t","protected":false},"excerpt":{"rendered":"<p>FinEx 2024 \u00a0 Am 14. November 2024 fand die feierliche Verleihung des FinEx Azubipreises im MDR Landesfunkhaus Dresden statt \u2013 unter der Schirmherrschaft des Direktors des Landesfunkhauses, Sandro Viroli. In festlicher Atmosph\u00e4re wurden die beeindruckenden Leistungen von Absolventen der Ausbildung zum Mediengestalter Bild und Ton gew\u00fcrdigt.\u00a0 Nominiert waren in diesem Jahr:\u00a0 \u2013 Jonas Kellhammer f\u00fcr &hellip; <\/p>\n<p class=\"link-more\"><a href=\"https:\/\/finex-preis.de\/?page_id=1014\" class=\"more-link\"><span class=\"screen-reader-text\">\u201e2024\u201c <\/span>weiterlesen<\/a><\/p>\n","protected":false},"author":1,"featured_media":0,"parent":0,"menu_order":0,"comment_status":"closed","ping_status":"closed","template":"","meta":{"footnotes":""},"class_list":["post-1014","page","type-page","status-publish","hentry"],"_links":{"self":[{"href":"https:\/\/finex-preis.de\/index.php?rest_route=\/wp\/v2\/pages\/1014","targetHints":{"allow":["GET"]}}],"collection":[{"href":"https:\/\/finex-preis.de\/index.php?rest_route=\/wp\/v2\/pages"}],"about":[{"href":"https:\/\/finex-preis.de\/index.php?rest_route=\/wp\/v2\/types\/page"}],"author":[{"embeddable":true,"href":"https:\/\/finex-preis.de\/index.php?rest_route=\/wp\/v2\/users\/1"}],"replies":[{"embeddable":true,"href":"https:\/\/finex-preis.de\/index.php?rest_route=%2Fwp%2Fv2%2Fcomments&post=1014"}],"version-history":[{"count":15,"href":"https:\/\/finex-preis.de\/index.php?rest_route=\/wp\/v2\/pages\/1014\/revisions"}],"predecessor-version":[{"id":1042,"href":"https:\/\/finex-preis.de\/index.php?rest_route=\/wp\/v2\/pages\/1014\/revisions\/1042"}],"wp:attachment":[{"href":"https:\/\/finex-preis.de\/index.php?rest_route=%2Fwp%2Fv2%2Fmedia&parent=1014"}],"curies":[{"name":"wp","href":"https:\/\/api.w.org\/{rel}","templated":true}]}}